the remainder when n is divided by u.
2
Let h(c) = 3*c. What is the remainder when h(6) is divided by 3?
0
Suppose 2*y + 10 = q + 6*y, -5 = q - y. What is the remainder when 11 is divided by q/(-8) + (-30)/(-8)?
3
Let p = 0 + -2. Let t(f) = f**2 + 2. Let d be t(p). Suppose 56 = -2*v + d*v. Calculate the remainder when v is divided by 8.
6
Let x(b) = -b**2 + 12*b - 11. Let u be x(11). Let q = u - -18. What is the remainder when q is divided by 10?
8
Suppose -4*k + 11 = -d - 40, 3*d - 4*k + 129 = 0. Let n = d - -86. What is the remainder when n is divided by 12?
11
Suppose -3*b + 58 = -2*r, 2*r + 111 = 5*b + 17. Calculate the remainder when -3 + 1 + 36 + -1 is divided by b.
15
Let q be (0 + -1)*0/(-5). Suppose -5*a - 16 = -2*i, -4*i + 5*a + 24 + 18 = q. What is the remainder when 36 is divided by i?
10
Let c = -3 + 8. Suppose 120 - 340 = -c*m. Calculate the remainder when m is divided by 15.
14
Suppose -45 = -5*q + 5*t, 0 = -q - 0*q - 4*t - 6. What is the remainder when 17 is divided by q?
5
Suppose 3*x - 4*x = -1. Calculate the remainder when x is divided by 1.
0
Let a(z) = -z - 16. Let n be a(-16). Let o = n + 71. Calculate the remainder when o is divided by 18.
17
Let c(d) = -d**3 + 10*d**2 + 7*d - 13. Calculate the remainder when c(10) is divided by 5.
2
Let q(o) = 2*o**2. Let l(k) = -k + 2*k + k**3 - k**2 - 2 + 2. Calculate the remainder when q(1) is divided by l(1).
0
Suppose -2*f = -0*f + 30. Let k(v) = -v**2 + 6*v - 7. Let l be k(6). Let h = l - f. Calculate the remainder when h is divided by 5.
3
Calculate the remainder when 93 is divided by 25*(-4 + 3)*-1.
18
Let d = 94 + -56. What is the remainder when d is divided by 10?
8
Suppose 52 = 4*c + 4*a, c - 35 = -3*a - 12. Calculate the remainder when 51 is divided by c.
3
Let s = -14 + 8. Let k = 12 - s. Suppose -2*m + 170 = 3*m - 5*n, -n = 0. Calculate the remainder when m is divided by k.
16
Suppose -8 = 3*o - o. Let x = -2 - o. What is the remainder when (-4)/x + 9 + -3 is divided by 3?
1
Suppose -5*b + 4 + 6 = 0. Calculate the remainder when b is divided by (-5 + 4)/(-1) - -1.
0
Let k(s) = 72*s**3 - 2*s + 1. Suppose p + 1 = 0, -2*p + 40 + 6 = 2*v. Calculate the remainder when k(1) is divided by v.
23
Let y = 0 - 0. Suppose y = -2*h - 15 + 7. Let g(c) = -2*c + 4. Calculate the remainder when 22 is divided by g(h).
10
Calculate the remainder when 29 is divided by (6/(-9) - -2)*(-10 + 22).
13
Suppose 3*o - 15 = 9. What is the remainder when 13 is divided by o?
5
Let n = 10 + 3. Calculate the remainder when 23 is divided by n.
10
Suppose -q = 4*r - 50, 4*q - 90 = 2*r + 128. Suppose q = 5*u + 19. Calculate the remainder when 20 is divided by u.
6
Let d = -1 - -68. What is the remainder when d is divided by 14?
11
Suppose 6 = l + 2*l. Suppose -y = -l*y + 2. Let h(n) = -n**2 - 8*n - 7. Calculate the remainder when h(-6) is divided by y.
1
Suppose k = -5*s - 23, -s - s - k - 8 = 0. Let a = -5 - s. Suppose a = 4*v - 2*v - 26. Calculate the remainder when v is divided by 7.
6
Suppose 5*j - m - 8 = 5, -3*j + 11 = m. What is the remainder when 41 is divided by j?
2
Let d = -53 + 124. Calculate the remainder when d is divided by 37.
34
Calculate the remainder when ((-6)/(-5) + -2)/(4/(-30)) is divided by 3.
0
Suppose -4*o = -5*x + 15, 9 = 3*x + 6*o - o. Let d be x*((-1)/1 + 2). Suppose -d*g + g + 22 = 0. What is the remainder when 21 is divided by g?
10
Suppose 7*m - 2*m + 160 = 0. Let l be (m/(-6))/(2/6). Suppose 3*u = -3*f + 17 + l, -2*f = 4*u - 52. What is the remainder when 43 is divided by u?
13
Let b(x) = -x**2 + 8*x - 4. Calculate the remainder when 42 is divided by b(3).
9
Let i = -24 + 77. Suppose 5*u = 48 + 42. Calculate the remainder when i is divided by u.
17
Suppose 2*k = c + 5, 3*c - 3*k = -2*k. Suppose 0 = -r - r - 4*l - 470, -3*r = -4*l + 655. What is the remainder when r/(-6) + c/2 is divided by 13?
12
Let q = -241 + 358. Calculate the remainder when q is divided by 24.
21
Suppose 5*j + y - 55 = 0, 0 = -4*j - 5*y + 29 - 6. Suppose -k - 4*r = -43, 2*k - 44 = -4*r + 34. Calculate the remainder when k is divided by j.
11
Let s(j) = 2*j**2 - 34*j - 3. Let k(h) = -h**2 + 17*h + 1. Let f(m) = -7*k(m) - 4*s(m). What is the remainder when f(15) is divided by 19?
16
Let n = 117 - 97. Let w(k) = 16*k - 3. What is the remainder when w(5) is divided by n?
17
Let r be (-23)/(-4) + (-3)/(-12). Suppose 2*f = f - r. Calculate the remainder when 4/f - 107/(-3) is divided by 12.
11
Suppose 0*m - m + 13 = 4*d, -d = m - 4. Suppose 4*w + 5 = d*n, -5*w + 13 + 7 = 5*n. Calculate the remainder when 1 is divided by w.
0
Suppose -3*f + 5*f + 18 = -2*g, -2*f = 4*g + 26. Let p(x) = -5*x - 11. Calculate the remainder when p(f) is divided by 4.
2
Let b(a) = -a**3 + 8*a**2 + 11*a - 2. Suppose 17 = 2*n - 1. Calculate the remainder when b(n) is divided by 6.
4
Let x be (-1750)/(-80) + 2/16. Calculate the remainder when 42 is divided by (-3)/2*x/(-3).
9
Let n(z) = -3*z - 1. Let l be n(-1). Let q be -4*(-3 + 3 + -1). Suppose q*g + t - 110 = 0, -2*g = l*t - 29 - 23. What is the remainder when g is divided by 10?
8
Suppose 10 = 3*m - f, -3*m - f + 22 = 2*m. Suppose -30 = -q - 4*x, -3*q - m*x - 7 + 65 = 0. What is the remainder when 39 is divided by q?
11
Suppose 4*g - 3*n - 45 = 0, 7 = -3*n - 2. Calculate the remainder when 14 is divided by g.
5
Let z(q) = 3*q**2 + q - 1. Let s be ((-4)/(-6))/((-2)/6). What is the remainder when (3 + -1)/(4/34) is divided by z(s)?
8
Suppose -f + 20 = -y - y, 4*y - 8 = -2*f. Suppose 4*p - 74 - 18 = 0. Calculate the remainder when p is divided by f.
11
Calculate the remainder when (0 - 3)/3 - -27 is divided by 9.
8
Let s be (-3 - -5)/((-2)/(-59)). Suppose -3*w - w + 236 = 2*h, -w + s = 3*h. What is the remainder when w is divided by 12?
11
Let m = -3 - -4. Suppose 4*k + 8 = 5*j - 33, -7 = -3*j - 2*k. Suppose m + j = i. What is the remainder when i is divided by 4?
2
Suppose 5 = 4*t - 7. Suppose 4*r + t*k + 0*k = 101, 0 = 3*r - 3*k - 102. Calculate the remainder when r is divided by (3/4)/(1/20).
14
Let r = 31 - 19. Suppose -s + 8 = -14. What is the remainder when s is divided by r?
10
Suppose 0 = -8*r + 3*r + 10. Suppose -5*x + 232 = -r*a, 2*a = 2*x + 6*a - 88. Calculate the remainder when x is divided by 16.
14
Suppose -5*g = -m - 17, g - 3*m = -2*m + 1. What is the remainder when 15 is divided by g?
3
Let l be 1/((-3)/(-6) + -1). Suppose -2*o + 2 = -12. Calculate the remainder when o is divided by (-18)/(-4)*l/(-3).
1
What is the remainder when (-211)/(-3) + (-3)/9 is divided by 18?
16
Let y(a) = 8*a + 3. Let f(m) = -2*m. Let z(k) = 6*f(k) + 2*y(k). Calculate the remainder when z(5) is divided by 9.
8
Let z be 2/4*(41 - 3). Suppose 2*n - 3 = n, -u + 4*n - z = 0. Let r = u - -31. Calculate the remainder when r is divided by 13.
11
Suppose -2*p = -6*p. Suppose -8 + p = 4*j. What is the remainder when (-2 - (j + 1)) + 14 is divided by 5?
3
Let z(v) = 2*v**3 + 2*v**2 - v. Let b be z(1). Let d = 32 + b. What is the remainder when d is divided by 18?
17
Let h(o) = -o**3 - 12*o**2 - 24*o - 3. Calculate the remainder when h(-10) is divided by 10.
7
Let x(i) = i**3 - 3*i**2 - 5. Let o(r) = -2*r. Let n be o(-2). Calculate the remainder when (-8)/3 + 1/(-3) + 35 is divided by x(n).
10
Let j(x) = -6*x + 2. Let n(d) = d. Let k(w) = j(w) + 5*n(w). Let o = 3 + 9. What is the remainder when o is divided by k(-5)?
5
Let y(t) = -t**3 - t - 7. Let o(q) = 2*q**3 + q**2 + 2*q + 15. Let r(s) = -6*o(s) - 13*y(s). What is the remainder when 10 is divided by r(6)?
3
Let l = -53 + 23. Let k = -5 - l. Calculate the remainder when k is divided by 9.
7
Let c = -40 + 27. Let a = c - -17. What is the remainder when 15 is divided by a?
3
Let c(y) = -y**3 + 4*y**2 + 3*y + 1. Suppose -4*m + 4 + 0 = 0. Let n = 5 - m. Calculate the remainder when 25 is divided by c(n).
12
Let o = 87 + -69. Calculate the remainder when 88 is divided by o.
16
Let w(z) = 3*z**2 - z - 2. Let k(d) = d**3 + 22*d**2 + 6. What is the remainder when w(3) is divided by k(-22)?
4
Let t = 39 + -28. What is the remainder when 21 is divided by t?
10
Let j(t) = 3*t + 2. Calculate the remainder when 27 is divided by j(4).
13
Let z = -20 - -49. What is the remainder when z is divided by 16?
13
Suppose -6*n - 23 = -7*n. Let b = 5 + -3. Let f = b + n